[INFO] fetching crate desmos-bindings 1.2.1...
[INFO] checking desmos-bindings-1.2.1 against master#9610dfe5a9a731ced1ea4923ecbd0c57fe367898 for beta-170-4
[INFO] extracting crate desmos-bindings 1.2.1 into /workspace/builds/worker-1-tc1/source
[INFO] validating manifest of crates.io crate desmos-bindings 1.2.1 on toolchain 9610dfe5a9a731ced1ea4923ecbd0c57fe367898
[INFO] running `Command { std: CARGO_HOME="/workspace/cargo-home" RUSTUP_HOME="/workspace/rustup-home" "/workspace/cargo-home/bin/cargo" "+9610dfe5a9a731ced1ea4923ecbd0c57fe367898" "metadata" "--manifest-path" "Cargo.toml" "--no-deps", kill_on_drop: false }`
[INFO] started tweaking crates.io crate desmos-bindings 1.2.1
[INFO] finished tweaking crates.io crate desmos-bindings 1.2.1
[INFO] tweaked toml for crates.io crate desmos-bindings 1.2.1 written to /workspace/builds/worker-1-tc1/source/Cargo.toml
[INFO] running `Command { std: CARGO_HOME="/workspace/cargo-home" RUSTUP_HOME="/workspace/rustup-home" __CARGO_TEST_CHANNEL_OVERRIDE_DO_NOT_USE_THIS="nightly" "/workspace/cargo-home/bin/cargo" "+9610dfe5a9a731ced1ea4923ecbd0c57fe367898" "generate-lockfile" "--manifest-path" "Cargo.toml" "-Zno-index-update", kill_on_drop: false }`
[INFO] running `Command { std: CARGO_HOME="/workspace/cargo-home" RUSTUP_HOME="/workspace/rustup-home" "/workspace/cargo-home/bin/cargo" "+9610dfe5a9a731ced1ea4923ecbd0c57fe367898" "fetch" "--manifest-path" "Cargo.toml", kill_on_drop: false }`
[INFO] running `Command { std: "docker" "create" "-v" "/var/lib/crater-agent-workspace/builds/worker-1-tc1/target:/opt/rustwide/target:rw,Z" "-v" "/var/lib/crater-agent-workspace/builds/worker-1-tc1/source:/opt/rustwide/workdir:ro,Z" "-v" "/var/lib/crater-agent-workspace/cargo-home:/opt/rustwide/cargo-home:ro,Z" "-v" "/var/lib/crater-agent-workspace/rustup-home:/opt/rustwide/rustup-home:ro,Z" "-e" "SOURCE_DIR=/opt/rustwide/workdir" "-e" "CARGO_TARGET_DIR=/opt/rustwide/target" "-e" "CARGO_HOME=/opt/rustwide/cargo-home" "-e" "RUSTUP_HOME=/opt/rustwide/rustup-home" "-w" "/opt/rustwide/workdir" "-m" "1610612736" "--user" "0:0" "--network" "none" "ghcr.io/rust-lang/crates-build-env/linux@sha256:19e73879b68f455e41552ea35293514db52ea292d993f571636dbffedb77a1ee" "/opt/rustwide/cargo-home/bin/cargo" "+9610dfe5a9a731ced1ea4923ecbd0c57fe367898" "metadata" "--no-deps" "--format-version=1", kill_on_drop: false }`
[INFO] [stdout] 10e22b350a0165e338da12076f37296e8d6d4319d7858ee9383cfa1355ecf5b7
[INFO] running `Command { std: "docker" "start" "-a" "10e22b350a0165e338da12076f37296e8d6d4319d7858ee9383cfa1355ecf5b7", kill_on_drop: false }`
[INFO] running `Command { std: "docker" "inspect" "10e22b350a0165e338da12076f37296e8d6d4319d7858ee9383cfa1355ecf5b7", kill_on_drop: false }`
[INFO] running `Command { std: "docker" "rm" "-f" "10e22b350a0165e338da12076f37296e8d6d4319d7858ee9383cfa1355ecf5b7", kill_on_drop: false }`
[INFO] [stdout] 10e22b350a0165e338da12076f37296e8d6d4319d7858ee9383cfa1355ecf5b7
[INFO] running `Command { std: "docker" "create" "-v" "/var/lib/crater-agent-workspace/builds/worker-1-tc1/target:/opt/rustwide/target:rw,Z" "-v" "/var/lib/crater-agent-workspace/builds/worker-1-tc1/source:/opt/rustwide/workdir:ro,Z" "-v" "/var/lib/crater-agent-workspace/cargo-home:/opt/rustwide/cargo-home:ro,Z" "-v" "/var/lib/crater-agent-workspace/rustup-home:/opt/rustwide/rustup-home:ro,Z" "-e" "SOURCE_DIR=/opt/rustwide/workdir" "-e" "CARGO_TARGET_DIR=/opt/rustwide/target" "-e" "CARGO_INCREMENTAL=0" "-e" "RUST_BACKTRACE=full" "-e" "RUSTFLAGS=--cap-lints=forbid" "-e" "RUSTDOCFLAGS=--cap-lints=forbid" "-e" "CARGO_HOME=/opt/rustwide/cargo-home" "-e" "RUSTUP_HOME=/opt/rustwide/rustup-home" "-w" "/opt/rustwide/workdir" "-m" "1610612736" "--user" "0:0" "--network" "none" "ghcr.io/rust-lang/crates-build-env/linux@sha256:19e73879b68f455e41552ea35293514db52ea292d993f571636dbffedb77a1ee" "/opt/rustwide/cargo-home/bin/cargo" "+9610dfe5a9a731ced1ea4923ecbd0c57fe367898" "check" "--frozen" "--all" "--all-targets" "--message-format=json", kill_on_drop: false }`
[INFO] [stdout] 9971169bcac93ca2fc753773f432aa27503471f1b48166c2da43fe74a685828e
[INFO] running `Command { std: "docker" "start" "-a" "9971169bcac93ca2fc753773f432aa27503471f1b48166c2da43fe74a685828e", kill_on_drop: false }`
[INFO] [stderr]    Compiling libc v0.2.144
[INFO] [stderr]    Compiling anyhow v1.0.71
[INFO] [stderr]    Compiling semver v1.0.17
[INFO] [stderr]    Compiling either v1.8.1
[INFO] [stderr]     Checking bytes v1.4.0
[INFO] [stderr]    Compiling itertools v0.10.5
[INFO] [stderr]     Checking getrandom v0.2.9
[INFO] [stderr]     Checking rand_core v0.6.4
[INFO] [stderr]     Checking ahash v0.7.6
[INFO] [stderr]     Checking crypto-bigint v0.4.9
[INFO] [stderr]     Checking ff v0.12.1
[INFO] [stderr]     Checking signature v1.6.4
[INFO] [stderr]    Compiling prost-derive v0.9.0
[INFO] [stderr]     Checking hashbrown v0.12.3
[INFO] [stderr]     Checking group v0.12.1
[INFO] [stderr]     Checking ed25519-zebra v3.1.0
[INFO] [stderr]     Checking elliptic-curve v0.12.3
[INFO] [stderr]     Checking rfc6979 v0.3.1
[INFO] [stderr]     Checking ecdsa v0.14.8
[INFO] [stderr]     Checking k256 v0.11.6
[INFO] [stderr]     Checking prost v0.9.0
[INFO] [stderr]     Checking cosmwasm-crypto v1.2.5
[INFO] [stderr]     Checking cosmwasm-std v1.2.5
[INFO] [stderr]     Checking cw-storage-plus v1.0.1
[INFO] [stderr]     Checking cw2 v1.0.1
[INFO] [stderr]     Checking cw-utils v1.0.1
[INFO] [stderr]     Checking cw-multi-test v0.16.4
[INFO] [stderr]     Checking desmos-bindings v1.2.1 (/opt/rustwide/workdir)
[INFO] [stdout] warning: unused import: `Addr`
[INFO] [stdout]  --> src/mocks/mock_apps.rs:8:20
[INFO] [stdout]   |
[INFO] [stdout] 8 | use cosmwasm_std::{Addr, Api, Empty, GovMsg, IbcMsg, IbcQuery, Storage};
[INFO] [stdout]   |                    ^^^^
[INFO] [stdout]   |
[INFO] [stdout]   = note: `#[warn(unused_imports)]` on by default
[INFO] [stdout] 
[INFO] [stdout] 
[INFO] [stdout] error[E0599]: no method named `iterate_subspace_posts` found for struct `PostsQuerier` in the current scope
[INFO] [stdout]    --> src/posts/querier.rs:313:36
[INFO] [stdout]     |
[INFO] [stdout] 19  | pub struct PostsQuerier<'a> {
[INFO] [stdout]     | --------------------------- method `iterate_subspace_posts` not found for this struct
[INFO] [stdout] ...
[INFO] [stdout] 313 |         let mut iterator = querier.iterate_subspace_posts(0, 32);
[INFO] [stdout]     |                                    ^^^^^^^^^^^^^^^^^^^^^^ help: there is a method with a similar name: `query_subspace_posts`
[INFO] [stdout] 
[INFO] [stdout] 
[INFO] [stdout] error[E0599]: no method named `iterate_section_posts` found for struct `PostsQuerier` in the current scope
[INFO] [stdout]    --> src/posts/querier.rs:355:36
[INFO] [stdout]     |
[INFO] [stdout] 19  | pub struct PostsQuerier<'a> {
[INFO] [stdout]     | --------------------------- method `iterate_section_posts` not found for this struct
[INFO] [stdout] ...
[INFO] [stdout] 355 |         let mut iterator = querier.iterate_section_posts(0, 0, 32);
[INFO] [stdout]     |                                    ^^^^^^^^^^^^^^^^^^^^^ help: there is a method with a similar name: `query_section_posts`
[INFO] [stdout] 
[INFO] [stdout] 
[INFO] [stdout] error[E0599]: no method named `iterate_post_attachments` found for struct `PostsQuerier` in the current scope
[INFO] [stdout]    --> src/posts/querier.rs:409:36
[INFO] [stdout]     |
[INFO] [stdout] 19  | pub struct PostsQuerier<'a> {
[INFO] [stdout]     | --------------------------- method `iterate_post_attachments` not found for this struct
[INFO] [stdout] ...
[INFO] [stdout] 409 |         let mut iterator = querier.iterate_post_attachments(0, 0, 32);
[INFO] [stdout]     |                                    ^^^^^^^^^^^^^^^^^^^^^^^^ help: there is a method with a similar name: `query_post_attachments`
[INFO] [stdout] 
[INFO] [stdout] 
[INFO] [stdout] error[E0599]: no method named `iterate_poll_answers` found for struct `PostsQuerier` in the current scope
[INFO] [stdout]    --> src/posts/querier.rs:452:36
[INFO] [stdout]     |
[INFO] [stdout] 19  | pub struct PostsQuerier<'a> {
[INFO] [stdout]     | --------------------------- method `iterate_poll_answers` not found for this struct
[INFO] [stdout] ...
[INFO] [stdout] 452 |         let mut iterator = querier.iterate_poll_answers(0, 0, 0, None, 32);
[INFO] [stdout]     |                                    ^^^^^^^^^^^^^^^^^^^^ help: there is a method with a similar name: `query_poll_answers`
[INFO] [stdout] 
[INFO] [stdout] 
[INFO] [stdout] error[E0599]: no method named `iterate_incoming_dtag_transfer_requests` found for struct `profiles::querier::ProfilesQuerier` in the current scope
[INFO] [stdout]    --> src/profiles/querier.rs:480:30
[INFO] [stdout]     |
[INFO] [stdout] 29  | pub struct ProfilesQuerier<'a> {
[INFO] [stdout]     | ------------------------------ method `iterate_incoming_dtag_transfer_requests` not found for this struct
[INFO] [stdout] ...
[INFO] [stdout] 480 |             profiles_querier.iterate_incoming_dtag_transfer_requests(Addr::unchecked(""), 10);
[INFO] [stdout]     |                              ^^^^^^^^^^^^^^^^^^^^^^^^^^^^^^^^^^^^^^^ help: there is a method with a similar name: `query_incoming_dtag_transfer_requests`
[INFO] [stdout] 
[INFO] [stdout] 
[INFO] [stdout] error[E0599]: no method named `iterate_chain_links` found for struct `profiles::querier::ProfilesQuerier` in the current scope
[INFO] [stdout]    --> src/profiles/querier.rs:517:39
[INFO] [stdout]     |
[INFO] [stdout] 29  | pub struct ProfilesQuerier<'a> {
[INFO] [stdout]     | ------------------------------ method `iterate_chain_links` not found for this struct
[INFO] [stdout] ...
[INFO] [stdout] 517 |         let mut it = profiles_querier.iterate_chain_links(
[INFO] [stdout]     |                      -----------------^^^^^^^^^^^^^^^^^^^ help: there is a method with a similar name: `query_chain_links`
[INFO] [stdout] 
[INFO] [stdout] 
[INFO] [stdout] error[E0599]: no method named `iterate_chain_link_owners` found for struct `profiles::querier::ProfilesQuerier` in the current scope
[INFO] [stdout]    --> src/profiles/querier.rs:558:39
[INFO] [stdout]     |
[INFO] [stdout] 29  | pub struct ProfilesQuerier<'a> {
[INFO] [stdout]     | ------------------------------ method `iterate_chain_link_owners` not found for this struct
[INFO] [stdout] ...
[INFO] [stdout] 558 |         let mut it = profiles_querier.iterate_chain_link_owners(
[INFO] [stdout]     |                      -----------------^^^^^^^^^^^^^^^^^^^^^^^^^ help: there is a method with a similar name: `query_chain_link_owners`
[INFO] [stdout] 
[INFO] [stdout] 
[INFO] [stdout] error[E0599]: no method named `iterate_default_external_addresses` found for struct `profiles::querier::ProfilesQuerier` in the current scope
[INFO] [stdout]    --> src/profiles/querier.rs:595:39
[INFO] [stdout]     |
[INFO] [stdout] 29  | pub struct ProfilesQuerier<'a> {
[INFO] [stdout]     | ------------------------------ method `iterate_default_external_addresses` not found for this struct
[INFO] [stdout] ...
[INFO] [stdout] 595 |         let mut it = profiles_querier.iterate_default_external_addresses(
[INFO] [stdout]     |                      -----------------^^^^^^^^^^^^^^^^^^^^^^^^^^^^^^^^^^ help: there is a method with a similar name: `query_default_external_addresses`
[INFO] [stdout] 
[INFO] [stdout] 
[INFO] [stdout] error[E0599]: no method named `iterate_application_links` found for struct `profiles::querier::ProfilesQuerier` in the current scope
[INFO] [stdout]    --> src/profiles/querier.rs:635:39
[INFO] [stdout]     |
[INFO] [stdout] 29  | pub struct ProfilesQuerier<'a> {
[INFO] [stdout]     | ------------------------------ method `iterate_application_links` not found for this struct
[INFO] [stdout] ...
[INFO] [stdout] 635 |         let mut it = profiles_querier.iterate_application_links(
[INFO] [stdout]     |                      -----------------^^^^^^^^^^^^^^^^^^^^^^^^^ help: there is a method with a similar name: `query_application_links`
[INFO] [stdout] 
[INFO] [stdout] 
[INFO] [stdout] error[E0599]: no method named `iterate_application_link_owners` found for struct `profiles::querier::ProfilesQuerier` in the current scope
[INFO] [stdout]    --> src/profiles/querier.rs:692:39
[INFO] [stdout]     |
[INFO] [stdout] 29  | pub struct ProfilesQuerier<'a> {
[INFO] [stdout]     | ------------------------------ method `iterate_application_link_owners` not found for this struct
[INFO] [stdout] ...
[INFO] [stdout] 692 |         let mut it = profiles_querier.iterate_application_link_owners(
[INFO] [stdout]     |                      -----------------^^^^^^^^^^^^^^^^^^^^^^^^^^^^^^^ help: there is a method with a similar name: `query_application_link_owners`
[INFO] [stdout] 
[INFO] [stdout] 
[INFO] [stdout] error[E0599]: no method named `iterate_reactions` found for struct `reactions::querier::ReactionsQuerier` in the current scope
[INFO] [stdout]    --> src/reactions/querier.rs:290:36
[INFO] [stdout]     |
[INFO] [stdout] 25  | pub struct ReactionsQuerier<'a> {
[INFO] [stdout]     | ------------------------------- method `iterate_reactions` not found for this struct
[INFO] [stdout] ...
[INFO] [stdout] 290 |         let mut iterator = querier.iterate_reactions(1, 1, None, 32);
[INFO] [stdout]     |                                    ^^^^^^^^^^^^^^^^^ help: there is a method with a similar name: `query_reactions`
[INFO] [stdout] 
[INFO] [stdout] 
[INFO] [stdout] error[E0599]: no method named `iterate_registered_reactions` found for struct `reactions::querier::ReactionsQuerier` in the current scope
[INFO] [stdout]    --> src/reactions/querier.rs:305:36
[INFO] [stdout]     |
[INFO] [stdout] 25  | pub struct ReactionsQuerier<'a> {
[INFO] [stdout]     | ------------------------------- method `iterate_registered_reactions` not found for this struct
[INFO] [stdout] ...
[INFO] [stdout] 305 |         let mut iterator = querier.iterate_registered_reactions(1, 32);
[INFO] [stdout]     |                                    ^^^^^^^^^^^^^^^^^^^^^^^^^^^^ help: there is a method with a similar name: `query_registered_reactions`
[INFO] [stdout] 
[INFO] [stdout] 
[INFO] [stdout] error[E0599]: no method named `iterate_relationships` found for struct `RelationshipsQuerier` in the current scope
[INFO] [stdout]    --> src/relationships/querier.rs:211:44
[INFO] [stdout]     |
[INFO] [stdout] 22  | pub struct RelationshipsQuerier<'a> {
[INFO] [stdout]     | ----------------------------------- method `iterate_relationships` not found for this struct
[INFO] [stdout] ...
[INFO] [stdout] 211 |         let mut it = relationships_querier.iterate_relationships(0, Some(Addr::unchecked("")), 10);
[INFO] [stdout]     |                                            ^^^^^^^^^^^^^^^^^^^^^ help: there is a method with a similar name: `query_relationships`
[INFO] [stdout] 
[INFO] [stdout] 
[INFO] [stdout] error[E0599]: no method named `iterate_blocks` found for struct `RelationshipsQuerier` in the current scope
[INFO] [stdout]    --> src/relationships/querier.rs:248:44
[INFO] [stdout]     |
[INFO] [stdout] 22  | pub struct RelationshipsQuerier<'a> {
[INFO] [stdout]     | ----------------------------------- method `iterate_blocks` not found for this struct
[INFO] [stdout] ...
[INFO] [stdout] 248 |         let mut it = relationships_querier.iterate_blocks(0, Some(Addr::unchecked("")), 10);
[INFO] [stdout]     |                                            ^^^^^^^^^^^^^^ help: there is a method with a similar name: `query_blocks`
[INFO] [stdout] 
[INFO] [stdout] 
[INFO] [stdout] error[E0599]: no method named `iterate_reports` found for struct `ReportsQuerier` in the current scope
[INFO] [stdout]    --> src/reports/querier.rs:211:38
[INFO] [stdout]     |
[INFO] [stdout] 19  | pub struct ReportsQuerier<'a> {
[INFO] [stdout]     | ----------------------------- method `iterate_reports` not found for this struct
[INFO] [stdout] ...
[INFO] [stdout] 211 |         let mut it = reports_querier.iterate_reports(1, None, None, 32);
[INFO] [stdout]     |                                      ^^^^^^^^^^^^^^^ help: there is a method with a similar name: `query_reports`
[INFO] [stdout] 
[INFO] [stdout] 
[INFO] [stdout] error[E0599]: no method named `iterate_reasons` found for struct `ReportsQuerier` in the current scope
[INFO] [stdout]    --> src/reports/querier.rs:254:38
[INFO] [stdout]     |
[INFO] [stdout] 19  | pub struct ReportsQuerier<'a> {
[INFO] [stdout]     | ----------------------------- method `iterate_reasons` not found for this struct
[INFO] [stdout] ...
[INFO] [stdout] 254 |         let mut it = reports_querier.iterate_reasons(1, 32);
[INFO] [stdout]     |                                      ^^^^^^^^^^^^^^^ help: there is a method with a similar name: `query_reasons`
[INFO] [stdout] 
[INFO] [stdout] 
[INFO] [stdout] error[E0599]: no method named `iterate_subspaces` found for struct `subspaces::querier::SubspacesQuerier` in the current scope
[INFO] [stdout]    --> src/subspaces/querier.rs:333:30
[INFO] [stdout]     |
[INFO] [stdout] 25  | pub struct SubspacesQuerier<'a> {
[INFO] [stdout]     | ------------------------------- method `iterate_subspaces` not found for this struct
[INFO] [stdout] ...
[INFO] [stdout] 333 |         let mut it = querier.iterate_subspaces(10);
[INFO] [stdout]     |                              ^^^^^^^^^^^^^^^^^ help: there is a method with a similar name: `query_subspaces`
[INFO] [stdout] 
[INFO] [stdout] 
[INFO] [stdout] error[E0599]: no method named `iterate_sections` found for struct `subspaces::querier::SubspacesQuerier` in the current scope
[INFO] [stdout]    --> src/subspaces/querier.rs:373:30
[INFO] [stdout]     |
[INFO] [stdout] 25  | pub struct SubspacesQuerier<'a> {
[INFO] [stdout]     | ------------------------------- method `iterate_sections` not found for this struct
[INFO] [stdout] ...
[INFO] [stdout] 373 |         let mut it = querier.iterate_sections(1, 10);
[INFO] [stdout]     |                              ^^^^^^^^^^^^^^^^ help: there is a method with a similar name: `query_sections`
[INFO] [stdout] 
[INFO] [stdout] 
[INFO] [stdout] error[E0599]: no method named `iterate_user_groups` found for struct `subspaces::querier::SubspacesQuerier` in the current scope
[INFO] [stdout]    --> src/subspaces/querier.rs:413:30
[INFO] [stdout]     |
[INFO] [stdout] 25  | pub struct SubspacesQuerier<'a> {
[INFO] [stdout]     | ------------------------------- method `iterate_user_groups` not found for this struct
[INFO] [stdout] ...
[INFO] [stdout] 413 |         let mut it = querier.iterate_user_groups(1, None, 10);
[INFO] [stdout]     |                              ^^^^^^^^^^^^^^^^^^^ help: there is a method with a similar name: `query_user_groups`
[INFO] [stdout] 
[INFO] [stdout] 
[INFO] [stdout] error[E0599]: no method named `iterate_user_group_members` found for struct `subspaces::querier::SubspacesQuerier` in the current scope
[INFO] [stdout]    --> src/subspaces/querier.rs:453:30
[INFO] [stdout]     |
[INFO] [stdout] 25  | pub struct SubspacesQuerier<'a> {
[INFO] [stdout]     | ------------------------------- method `iterate_user_group_members` not found for this struct
[INFO] [stdout] ...
[INFO] [stdout] 453 |         let mut it = querier.iterate_user_group_members(1, 1, 10);
[INFO] [stdout]     |                              ^^^^^^^^^^^^^^^^^^^^^^^^^^ help: there is a method with a similar name: `query_user_group_members`
[INFO] [stdout] 
[INFO] [stdout] 
[INFO] [stdout] error: aborting due to 20 previous errors
[INFO] [stdout] 
[INFO] [stdout] 
[INFO] [stdout] For more information about this error, try `rustc --explain E0599`.
[INFO] [stdout] 
[INFO] [stderr] error: could not compile `desmos-bindings` (lib test) due to 21 previous errors
[INFO] [stderr] warning: build failed, waiting for other jobs to finish...
[INFO] [stdout] warning: 1 warning emitted
[INFO] [stdout] 
[INFO] [stdout] 
[INFO] running `Command { std: "docker" "inspect" "9971169bcac93ca2fc753773f432aa27503471f1b48166c2da43fe74a685828e", kill_on_drop: false }`
[INFO] running `Command { std: "docker" "rm" "-f" "9971169bcac93ca2fc753773f432aa27503471f1b48166c2da43fe74a685828e", kill_on_drop: false }`
[INFO] [stdout] 9971169bcac93ca2fc753773f432aa27503471f1b48166c2da43fe74a685828e
